{"id":1605,"date":"2019-05-08T15:57:38","date_gmt":"2019-05-08T15:57:38","guid":{"rendered":"https:\/\/cpdp.it\/?page_id=1605"},"modified":"2019-05-15T16:50:28","modified_gmt":"2019-05-15T14:50:28","slug":"regolamento","status":"publish","type":"page","link":"https:\/\/cpdp.it\/index.php\/chi-siamo\/regolamento\/","title":{"rendered":"Regolamento"},"content":{"rendered":"\n<p>(tra parentesi gli articoli dello Statuto cui fa riferimento)<\/p>\n\n\n\n<p>1 \u2013 soci (art. 4)<\/p>\n\n\n\n<p>a) La quota societaria, nella misura stabilita annualmente dall\u2019Assemblea, deve essere versata, entro la data fissata ogni anno dal Comitato Esecutivo del Centro, al Tesoriere, che rilascia regolare ricevuta e l\u2019annota in apposito registro.<\/p>\n\n\n\n<p>In caso di morosit\u00e0, \u00e8 dovuta una soprattassa del 10% entro due mesi dalla data di scadenza, del 20% nei mesi successivi.<\/p>\n\n\n\n<p>b) I Soci possono dimettersi inviando una lettera raccomandata al Presidente entro il 30 settembre di ogni anno; dopo questa data sar\u00e0 loro addebitata la quota associativa per l\u2019anno successivo.<\/p>\n\n\n\n<p>c) I Soci con una morosit\u00e0 superiore ai sei mesi, a partire dal sollecito con raccomandata, saranno considerati dimissionari dall\u2019Esecutivo del Centro. La loro esclusione da Soci dovr\u00e0 essere ratificata dall\u2019Assemblea.<\/p>\n\n\n\n<p>2 \u2013 ospiti (art. 6)<\/p>\n\n\n\n<p>a) I Soci di altri Centri della SPI e quelli di altre Societ\u00e0 IPA possono chiedere di partecipare come ospiti alle attivit\u00e0 del Centro in conformit\u00e0 alle normative della SPI.<\/p>\n\n\n\n<p>b) Per una partecipazione occasionale di studiosi di psicoanalisi o di altre discipline e di consulenti per le attivit\u00e0 del Centro \u00e8 richiesta l\u2019autorizzazione per ogni singolo evento da parte del Comitato Esecutivo.<\/p>\n\n\n\n<p>3 \u2013 candidati (art. 4)<\/p>\n\n\n\n<p>Per i Candidati che intendono fruire delle attivit\u00e0 scientifiche e culturali organizzate dal Centro, l\u2019Istituto Nazionale di Training verser\u00e0 un contributo da concordare con il Comitato Esecutivo del Centro.<\/p>\n\n\n\n<p>4 \u2013 assemblea (art. 10)<\/p>\n\n\n\n<p>a) L\u2019Assemblea elegge i membri del Comitato Esecutivo, il Rappresentante per il Comitato per la Psicoanalisi dei Bambini e degli Adolescenti. Delibera le linee generali del programma scientifico e delle attivit\u00e0 culturali proposte dal Comitato Esecutivo, decide le modalit\u00e0 di amministrazione e di conduzione del Centro, stabilisce le quote associative. Delibera inoltre circa i rapporti con altre istituzioni o singoli studiosi e su tutte le questioni relative ai fondi.<\/p>\n\n\n\n<p>b) Le votazioni avvengono per voto palese, fatta eccezione per l\u2019elezione delle cariche sociali e quando almeno un quinto dei presenti richieda il voto segreto. Per le votazioni a scrutinio segreto il Presidente nomina un segretario e due scrutatori, che firmeranno il relativo verbale.<\/p>\n\n\n\n<p>c) In ogni Assemblea sar\u00e0 redatto un verbale della riunione, a cura del Segretario Amministrativo; detto verbale, sottoscritto dal Presidente, sar\u00e0 inviato a tutti i Soci.<\/p>\n\n\n\n<p>5 \u2013 comitato esecutivo (art. 11-12)<\/p>\n\n\n\n<p>a) L\u2019elezione dei membri del C.E. avviene per presentazione di nomi sostenuta da almeno tre Soci e corredata da una sintesi di programma, non oltre un mese prima della votazione.<\/p>\n\n\n\n<p>b) Il Comitato Esecutivo d\u00e0 esecuzione ai deliberati dell\u2019Assemblea, elabora il programma scientifico, culturale e clinico e amministra il patrimonio del Centro.<\/p>\n\n\n\n<p>Pu\u00f2 istituire, informandone i Soci, Commissioni per compiti speciali o proporre incarichi specifici e temporanei a singoli Soci, scelti tra coloro che abbiano manifestato la loro disponibilit\u00e0 e competenza, o a consulenti esterni. Coordina, attraverso regolari contatti, le diverse attivit\u00e0 del Centro e provvede ad informarne i Soci.<\/p>\n\n\n\n<p>c) Ogni membro del Comitato Esecutivo, pur nella specificit\u00e0 delle proprie funzioni, opera secondo le linee concordate con gli altri componenti del C.E., ed in particolare.<\/p>\n\n\n\n<p>i. Il Presidente \u00e8 il rappresentante legale del Centro, convoca e presiede le assemblee, firma gli atti ufficiali e i verbali delle riunioni redatte dal Segretario Amministrativo, mantiene i rapporti con la SPI e con gli altri Centri, ha poteri di ordinaria e straordinaria amministrazione;<\/p>\n\n\n\n<p>ii. il Segretario Scientifico \u00e8 responsabile della realizzazione del programma scientifico e culturale approvato dall\u2019Assemblea e rappresenta il Centro in seno alla Commissione Scientifica della SPI;<\/p>\n\n\n\n<p>iii. il Segretario Amministrativo che \u00e8 membro della Commissione Intercentri della SPI, cura l\u2019elenco ufficiale dei Soci, redige, controfirma i verbali e ne cura la conservazione, custodisce l\u2019archivio del Centro, cura lo scambio di informazioni tra Soci e Comitato Esecutivo, redige le comunicazioni per il Notiziario della SPI, d\u00e0 esecuzione ai deliberati dell\u2019Assemblea e provvede all\u2019invio dei verbali delle assemblee del Centro;<\/p>\n\n\n\n<p>iv. il Tesoriere riscuote le quote sociali, tiene la contabilit\u00e0 del Centro e redige il bilancio consuntivo e preventivo da presentare ogni anno all\u2019Assemblea Ordinaria per l\u2019approvazione. Il bilancio dovr\u00e0 rimanere depositato presso la sede sociale, per l\u2019eventuale esame da parte dei Soci, nei dieci giorni che precedono l\u2019Assemblea;<\/p>\n\n\n\n<p>v. il Responsabile della Biblioteca custodisce la biblioteca del Centro, ne tiene aggiornato il catalogo, fissa le modalit\u00e0 del prestito, provvede all\u2019acquisto dei libri e delle riviste, raccoglie e cataloga per l\u2019archivio del Centro il materiale documentario riguardante l\u2019attivit\u00e0 scientifica dei Soci, tiene i rapporti con i Responsabili delle biblioteche di altri Centri;<\/p>\n\n\n\n<p>vi. il Responsabile del Servizio clinico per adulti e il Responsabile del Servizio clinico per adolescenti e bambini, organizzano e coordinano l\u2019attivit\u00e0 clinica del Centro, presentandone ogni anno all\u2019Assemblea il progetto e i risultati, curano i rapporti con i responsabili di analoghe attivit\u00e0 in altri Centri e con eventuali istituzioni esterne.<\/p>\n\n\n\n<p>d) I verbali delle riunioni del C.E. sono a disposizione dei soci che ne facciano richiesta al Segretario Amministrativo<\/p>\n\n\n\n<p>6 \u2013 fondo del centro (art. 13)<\/p>\n\n\n\n<p>a) Eventuali donazioni, sovvenzioni e contributi elargiti da terzi, o gli utili eventualmente ricavati nell\u2019ambito delle attivit\u00e0 svolte dal Centro, devono essere devoluti al raggiungimento degli obiettivi dell\u2019Associazione e inseriti nel bilancio con il voto favorevole dell\u2019Assemblea.<\/p>\n\n\n\n<p>b) Il Centro pu\u00f2 inoltre stipulare convenzioni utili al raggiungimento dei suoi scopi, previa approvazione dell\u2019Assemblea (vedi art. 3 dello Statuto).<\/p>\n\n\n\n<p>7 \u2013 attivit\u00e0 dei gruppi<\/p>\n\n\n\n<p>All\u2019interno del Centro sono operanti gruppi di lavoro promossi da Soci interessati ad approfondire specifici temi di carattere teorico, clinico o culturale.<\/p>\n\n\n\n<p>I gruppi, che possono usufruire dei locali del Centro per le loro riunioni, designano uno o pi\u00f9 referenti con lo specifico compito di mantenere le comunicazioni con il Comitato Esecutivo.<\/p>\n\n\n\n<p>All\u2019inizio di ogni anno sociale i referenti illustrano i programmi e gli aspetti organizzativi connessi (orari, frequenza, partecipanti, ecc.) al Comitato Esecutivo, che provvede a farli conoscere agli altri Soci. Successivamente saranno comunicate anche le eventuali variazioni di progetti o contenuti che dovessero intercorrere nel procedere del lavoro del gruppo.<\/p>\n\n\n\n<p>8 &#8211; modalit\u00e0 di voto (art.10)<\/p>\n\n\n\n<p>In caso di deliberazione per voto postale il segretario provvede all\u2019invio a tutti gli associati dell\u2019ordine del giorno con allegata la scheda di voto, unitamente all\u2019indicazione della data in cui la scheda dovr\u00e0 pervenire per la prima convocazione e della data in cui la scheda dovr\u00e0 pervenire in seconda convocazione.<\/p>\n\n\n\n<p>Alla scadenza della data della prima convocazione il segretario, con l\u2019ausilio di due soci scrutinatori scelti dal Comitato esecutivo da una lista di nominativi di soci che si sono resi disponibili, procede al conteggio delle schede pervenute in busta chiusa e laddove non sia stato raggiunto il quorum costitutivo attende la data della seconda convocazione conteggiando, ai fini dei quorum, anche le schede pervenute per la prima convocazione.<\/p>\n\n\n\n<p>Nel caso, invece, in cui alla data della prima convocazione siano state ricevute un numero di schede sufficiente al raggiungimento del quorum costitutivo il segretario, con l\u2019ausilio dei due soci scrutinatori, proceder\u00e0 allo scrutinio, senza conteggiare le schede pervenute successivamente a tale data.<\/p>\n\n\n\n<p>Le schede dovranno essere ricevute dagli associati con almeno dieci giorni di anticipo rispetto alla data prevista per la prima convocazione. Le modalit\u00e0 di invio delle schede e degli inviti potr\u00e0 essere anche online agli associati che abbiano rilasciato all\u2019associazione il loro indirizzo di posta elettronica purch\u00e9 venga rilasciato il messaggio di avvenuta lettura oppure potranno essere inviate tramite PEC o ancora consegnate brevi manu con firma per avventa consegna da parte dell\u2019associato.<\/p>\n\n\n\n<p>Le schede potranno essere inviate al Centro con qualsiasi modalit\u00e0 che consenta di avere la certezza del votante ivi compresa la consegna a mano presso la sede del Centro.<\/p>\n\n\n\n<p>Nel caso in cui il Comitato esecutivo opti per il voto elettronico, o il voto espresso per via telematica (es. tramite PEC), occorrer\u00e0 avvalersi di sistemi tecnologici che consentano di ottenere l\u2019identificazione dei soggetti legittimati ad esprimere il voto e di garantire, solo in caso di necessit\u00e0 di voto segreto, l\u2019anonimato irreversibile del voto.<\/p>\n\n\n\n<p>Il Comitato esecutivo ha facolt\u00e0 di indicare i casi in cui esprimere il voto in modo segreto e le modalit\u00e0 da osservare, anche sotto il profilo tecnologico, per la garanzia della segretezza.<\/p>\n\n\n\n<p>Al fine di consentire la pi\u00f9 ampia partecipazione, agli associati che non dispongano di strumenti elettronici o che non intendano procedere all\u2019espressione del voto per corrispondenza dovr\u00e0 sempre essere garantita la possibilit\u00e0 di consegnare la scheda, entro le date di convocazione inserite nell\u2019ODG, direttamente presso la sede legale del Centro, in tal caso la segreteria del Centro rilascer\u00e0 attestazione di avvenuta consegna della scheda di voto da parte dell\u2019associato con l\u2019indicazione del nominativo e della data, specificando se la scheda di voto \u00e8 stata consegnata con modalit\u00e0 segreta o meno nel caso in cui nell\u2019ODG sia stato richiesto espressamente il voto segreto.&nbsp;<br><\/p>\n","protected":false},"excerpt":{"rendered":"<p>(tra parentesi gli articoli dello Statuto cui fa riferimento) 1 \u2013 soci (art. 4) a) La quota societaria, nella misura stabilita annualmente dall\u2019Assemblea, deve essere versata, entro la data fissata ogni anno dal Comitato Esecutivo del Centro, al Tesoriere, che rilascia regolare ricevuta e l\u2019annota in apposito registro. In caso di morosit\u00e0, \u00e8 dovuta una&hellip;<\/p>\n","protected":false},"author":1,"featured_media":0,"parent":91,"menu_order":0,"comment_status":"closed","ping_status":"closed","template":"","meta":{"footnotes":""},"yoast_head":"<!-- This site is optimized with the Yoast SEO plugin v21.7 - https:\/\/yoast.com\/wordpress\/plugins\/seo\/ -->\n<title>Regolamento - CPDP<\/title>\n<meta name=\"robots\" content=\"index, follow, max-snippet:-1, max-image-preview:large, max-video-preview:-1\" \/>\n<link rel=\"canonical\" href=\"https:\/\/cpdp.it\/index.php\/chi-siamo\/regolamento\/\" \/>\n<meta property=\"og:locale\" content=\"it_IT\" \/>\n<meta property=\"og:type\" content=\"article\" \/>\n<meta property=\"og:title\" content=\"Regolamento - CPDP\" \/>\n<meta property=\"og:description\" content=\"(tra parentesi gli articoli dello Statuto cui fa riferimento) 1 \u2013 soci (art. 4) a) La quota societaria, nella misura stabilita annualmente dall\u2019Assemblea, deve essere versata, entro la data fissata ogni anno dal Comitato Esecutivo del Centro, al Tesoriere, che rilascia regolare ricevuta e l\u2019annota in apposito registro. In caso di morosit\u00e0, \u00e8 dovuta una&hellip;\" \/>\n<meta property=\"og:url\" content=\"https:\/\/cpdp.it\/index.php\/chi-siamo\/regolamento\/\" \/>\n<meta property=\"og:site_name\" content=\"CPDP\" \/>\n<meta property=\"article:modified_time\" content=\"2019-05-15T14:50:28+00:00\" \/>\n<meta name=\"twitter:card\" content=\"summary_large_image\" \/>\n<meta name=\"twitter:label1\" content=\"Tempo di lettura stimato\" \/>\n\t<meta name=\"twitter:data1\" content=\"7 minuti\" \/>\n<script type=\"application\/ld+json\" class=\"yoast-schema-graph\">{\"@context\":\"https:\/\/schema.org\",\"@graph\":[{\"@type\":\"WebPage\",\"@id\":\"https:\/\/cpdp.it\/index.php\/chi-siamo\/regolamento\/\",\"url\":\"https:\/\/cpdp.it\/index.php\/chi-siamo\/regolamento\/\",\"name\":\"Regolamento - CPDP\",\"isPartOf\":{\"@id\":\"https:\/\/cpdp.it\/#website\"},\"datePublished\":\"2019-05-08T15:57:38+00:00\",\"dateModified\":\"2019-05-15T14:50:28+00:00\",\"breadcrumb\":{\"@id\":\"https:\/\/cpdp.it\/index.php\/chi-siamo\/regolamento\/#breadcrumb\"},\"inLanguage\":\"it-IT\",\"potentialAction\":[{\"@type\":\"ReadAction\",\"target\":[\"https:\/\/cpdp.it\/index.php\/chi-siamo\/regolamento\/\"]}]},{\"@type\":\"BreadcrumbList\",\"@id\":\"https:\/\/cpdp.it\/index.php\/chi-siamo\/regolamento\/#breadcrumb\",\"itemListElement\":[{\"@type\":\"ListItem\",\"position\":1,\"name\":\"Home\",\"item\":\"https:\/\/cpdp.it\/\"},{\"@type\":\"ListItem\",\"position\":2,\"name\":\"Chi siamo\",\"item\":\"https:\/\/cpdp.it\/index.php\/chi-siamo\/\"},{\"@type\":\"ListItem\",\"position\":3,\"name\":\"Regolamento\"}]},{\"@type\":\"WebSite\",\"@id\":\"https:\/\/cpdp.it\/#website\",\"url\":\"https:\/\/cpdp.it\/\",\"name\":\"CPDP\",\"description\":\"Centro Psicoanalitico di Pavia\",\"potentialAction\":[{\"@type\":\"SearchAction\",\"target\":{\"@type\":\"EntryPoint\",\"urlTemplate\":\"https:\/\/cpdp.it\/?s={search_term_string}\"},\"query-input\":\"required name=search_term_string\"}],\"inLanguage\":\"it-IT\"}]}<\/script>\n<!-- \/ Yoast SEO plugin. -->","yoast_head_json":{"title":"Regolamento - CPDP","robots":{"index":"index","follow":"follow","max-snippet":"max-snippet:-1","max-image-preview":"max-image-preview:large","max-video-preview":"max-video-preview:-1"},"canonical":"https:\/\/cpdp.it\/index.php\/chi-siamo\/regolamento\/","og_locale":"it_IT","og_type":"article","og_title":"Regolamento - CPDP","og_description":"(tra parentesi gli articoli dello Statuto cui fa riferimento) 1 \u2013 soci (art. 4) a) La quota societaria, nella misura stabilita annualmente dall\u2019Assemblea, deve essere versata, entro la data fissata ogni anno dal Comitato Esecutivo del Centro, al Tesoriere, che rilascia regolare ricevuta e l\u2019annota in apposito registro. In caso di morosit\u00e0, \u00e8 dovuta una&hellip;","og_url":"https:\/\/cpdp.it\/index.php\/chi-siamo\/regolamento\/","og_site_name":"CPDP","article_modified_time":"2019-05-15T14:50:28+00:00","twitter_card":"summary_large_image","twitter_misc":{"Tempo di lettura stimato":"7 minuti"},"schema":{"@context":"https:\/\/schema.org","@graph":[{"@type":"WebPage","@id":"https:\/\/cpdp.it\/index.php\/chi-siamo\/regolamento\/","url":"https:\/\/cpdp.it\/index.php\/chi-siamo\/regolamento\/","name":"Regolamento - CPDP","isPartOf":{"@id":"https:\/\/cpdp.it\/#website"},"datePublished":"2019-05-08T15:57:38+00:00","dateModified":"2019-05-15T14:50:28+00:00","breadcrumb":{"@id":"https:\/\/cpdp.it\/index.php\/chi-siamo\/regolamento\/#breadcrumb"},"inLanguage":"it-IT","potentialAction":[{"@type":"ReadAction","target":["https:\/\/cpdp.it\/index.php\/chi-siamo\/regolamento\/"]}]},{"@type":"BreadcrumbList","@id":"https:\/\/cpdp.it\/index.php\/chi-siamo\/regolamento\/#breadcrumb","itemListElement":[{"@type":"ListItem","position":1,"name":"Home","item":"https:\/\/cpdp.it\/"},{"@type":"ListItem","position":2,"name":"Chi siamo","item":"https:\/\/cpdp.it\/index.php\/chi-siamo\/"},{"@type":"ListItem","position":3,"name":"Regolamento"}]},{"@type":"WebSite","@id":"https:\/\/cpdp.it\/#website","url":"https:\/\/cpdp.it\/","name":"CPDP","description":"Centro Psicoanalitico di Pavia","potentialAction":[{"@type":"SearchAction","target":{"@type":"EntryPoint","urlTemplate":"https:\/\/cpdp.it\/?s={search_term_string}"},"query-input":"required name=search_term_string"}],"inLanguage":"it-IT"}]}},"jetpack_sharing_enabled":true,"_links":{"self":[{"href":"https:\/\/cpdp.it\/index.php\/wp-json\/wp\/v2\/pages\/1605"}],"collection":[{"href":"https:\/\/cpdp.it\/index.php\/wp-json\/wp\/v2\/pages"}],"about":[{"href":"https:\/\/cpdp.it\/index.php\/wp-json\/wp\/v2\/types\/page"}],"author":[{"embeddable":true,"href":"https:\/\/cpdp.it\/index.php\/wp-json\/wp\/v2\/users\/1"}],"replies":[{"embeddable":true,"href":"https:\/\/cpdp.it\/index.php\/wp-json\/wp\/v2\/comments?post=1605"}],"version-history":[{"count":1,"href":"https:\/\/cpdp.it\/index.php\/wp-json\/wp\/v2\/pages\/1605\/revisions"}],"predecessor-version":[{"id":1606,"href":"https:\/\/cpdp.it\/index.php\/wp-json\/wp\/v2\/pages\/1605\/revisions\/1606"}],"up":[{"embeddable":true,"href":"https:\/\/cpdp.it\/index.php\/wp-json\/wp\/v2\/pages\/91"}],"wp:attachment":[{"href":"https:\/\/cpdp.it\/index.php\/wp-json\/wp\/v2\/media?parent=1605"}],"curies":[{"name":"wp","href":"https:\/\/api.w.org\/{rel}","templated":true}]}}